of 136?
False
Is 13 a factor of 917?
False
Is 4 a factor of 111?
False
Does 79 divide 711?
True
Does 2 divide 90?
True
Does 15 divide 465?
True
Does 67 divide 2359?
False
Is 2142 a multiple of 34?
True
Is 630 a multiple of 105?
True
Is 244 a factor of 46116?
True
Is 4186 a multiple of 56?
False
Does 3 divide 787?
False
Does 32 divide 1091?
False
Is 7 a factor of 5033?
True
Is 13 a factor of 4023?
False
Is 5642 a multiple of 7?
True
Is 21392 a multiple of 128?
False
Is 108 a multiple of 27?
True
Does 30 divide 36210?
True
Is 41228 a multiple of 22?
True
Is 7 a factor of 10745?
True
Does 65 divide 4875?
True
Is 25754 a multiple of 145?
False
Does 28 divide 784?
True
Does 81 divide 2094?
False
Is 40 a factor of 18610?
False
Is 675 a multiple of 45?
True
Does 2 divide 232?
True
Is 882 a multiple of 20?
False
Does 42 divide 9408?
True
Is 6 a factor of 3830?
False
Does 72 divide 26998?
False
Is 132 a factor of 184852?
False
Does 33 divide 2697?
False
Does 19 divide 503?
False
Is 2052 a multiple of 12?
True
Is 9 a factor of 71901?
True
Is 300 a multiple of 10?
True
Does 7 divide 55?
False
Is 13572 a multiple of 58?
True
Is 41 a factor of 3521?
False
Does 7 divide 26685?
False
Is 16 a factor of 848?
True
Is 8 a factor of 344?
True
Does 27 divide 8136?
False
Is 4 a factor of 192?
True
Is 9841 a multiple of 13?
True
Does 10 divide 130?
True
Does 28 divide 23968?
True
Is 10 a factor of 950?
True
Is 52 a factor of 1196?
True
Is 3866 a multiple of 39?
False
Does 5 divide 2353?
False
Is 13 a factor of 5613?
False
Does 32 divide 896?
True
Does 28 divide 86?
False
Is 8 a factor of 1920?
True
Is 614 a multiple of 97?
False
Does 2 divide 1763?
False
Is 97 a factor of 1453?
False
Is 10035 a multiple of 12?
False
Does 13 divide 802?
False
Is 98 a factor of 6064?
False
Is 1019 a multiple of 59?
False
Is 1560 a multiple of 39?
True
Is 15 a factor of 47610?
True
Is 807 a multiple of 5?
False
Is 102 a multiple of 17?
True
Is 12 a factor of 900?
True
Is 7 a factor of 13181?
True
Is 16 a factor of 192?
True
Is 1956 a multiple of 22?
False
Is 2820 a multiple of 30?
True
Is 5558 a multiple of 122?
False
Is 14 a factor of 425?
False
Is 78 a factor of 3146?
False
Does 12 divide 504?
True
Does 10 divide 4389?
False
Does 172 divide 15366?
False
Does 44 divide 660?
True
Does 19 divide 18636?
False
Is 4261 a multiple of 25?
False
Is 748 a multiple of 4?
True
Is 5280 a multiple of 33?
True
Is 64 a factor of 15296?
True
Is 18 a factor of 51840?
True
Is 50 a factor of 300?
True
Does 278 divide 79786?
True
Does 24 divide 14772?
False
Does 10 divide 4300?
True
Does 22 divide 35288?
True
Does 39 divide 20085?
True
Does 5 divide 340?
True
Is 57018 a multiple of 34?
True
Is 4030 a multiple of 130?
True
Is 390 a multiple of 10?
True
Is 6 a factor of 1425?
False
Does 10 divide 30?
True
Is 26 a factor of 1165?
False
Does 241 divide 51654?
False
Is 1166 a multiple of 15?
False
Does 69 divide 69?
True
Does 21 divide 11046?
True
Is 189 a multiple of 21?
True
Is 40 a factor of 13040?
True
Is 42 a factor of 1092?
True
Is 4 a factor of 608?
True
Does 28 divide 1176?
True
Does 15 divide 1605?
True
Does 23 divide 23690?
True
Is 26 a factor of 681?
False
Is 5960 a multiple of 10?
True
Does 5 divide 3000?
True
Is 210 a factor of 12661?
False
Does 47 divide 188?
True
Does 46 divide 12696?
True
Is 10353 a multiple of 9?
False
Is 337 a multiple of 21?
False
Is 650 a multiple of 39?
False
Is 1684 a multiple of 14?
False
Is 3585 a multiple of 78?
False
Does 8 divide 12658?
False
Is 22 a factor of 21978?
True
Does 67 divide 536?
True
Does 50 divide 32099?
False
Is 248 a multiple of 4?
True
Does 9 divide 115?
False
Is 10 a factor of 4910?
True
Is 7 a factor of 240?
False
Is 14 a factor of 238?
True
Is 46 a factor of 53826?
False
Is 9 a factor of 580?
False
Does 187 divide 445?
False
Is 17 a factor of 1190?
True
Does 12 divide 6646?
False
Is 4 a factor of 123?
False
Is 4664 a multiple of 212?
True
Does 32 divide 1836?
False
Is 15358 a multiple of 14?
True
Does 6 divide 13482?
True
Is 21 a factor of 19399?
False
Is 55796 a multiple of 116?
True
Is 12 a factor of 21732?
True
Is 21284 a multiple of 61?
False
Is 11 a factor of 627?
True
Is 205 a factor of 119573?
False
Does 47 divide 4653?
True
Is 111 a factor of 5618?
False
Does 117 divide 1214?
False
Does 26 divide 182?
True
Does 28 divide 2744?
True
Does 58 divide 42224?
True
Is 740 a multiple of 74?
True
Is 7 a factor of 371?
True
Is 89238 a multiple of 278?
True
Is 8 a factor of 15880?
True
Is 1631 even?
False
Is 4784 a multiple of 46?
True
Does 4 divide 360?
True
Is 9903 a multiple of 19?
False
Is 12474 a multiple of 54?
True
Is 2 a factor of 126?
True
Is 11 a factor of 660?
True
Is 27 a factor of 1053?
True
Is 1707 a multiple of 17?
False
Is 12 a factor of 6102?
False
Is 28 a factor of 149?
False
Does 4 divide 1761?
False
Is 15 a factor of 10506?
False
Is 9936 a multiple of 18?
True
Is 163 a factor of 16227?
False
Is 24 a factor of 2796?
False
Does 31 divide 1271?
True
Is 372 a multiple of 4?
True
Is 14 a factor of 168?
True
Is 28 a factor of 831?
False
Is 17876 a multiple of 82?
True
Is 364 a multiple of 14?
True
Is 12 a factor of 13023?
False
Does 33 divide 6673?
False
Is 1491 a multiple of 79?
False
Is 22 a factor of 7480?
True
Is 16 a factor of 15536?
True
Is 9725 a multiple of 52?
False
Does 12 divide 766?
False
Does 34 divide 8976?
True
Is 42 a factor of 13524?
True
Is 36 a factor of 184?
False
Is 3564 a multiple of 12?
True
Does 3 divide 39?
True
Does 19 divide 1893?
False
Is 2196 a multiple of 4?
True
Is 206 a multiple of 5?
False
Is 381 a multiple of 5?
False
Does 28 divide 196?
True
Is 18328 a multiple of 76?
False
Does 14 divide 4452?
True
Does 142 divide 60492?
True
Is 1386 a multiple of 24?
False
Is 13610 a multiple of 10?
True
Is 6627 a multiple of 9?
False
Is 1122 a multiple of 50?
False
Does 7 divide 658?
True
Is 882 a multiple of 49?
True
Is 11 a factor of 6974?
True
Is 3 a factor of 351?
True
Does 8 divide 216?
True
Is 12 a factor of 792?
True
Is 37 a factor of 362?
False
Is 87 a factor of 3706?
False
Is 10993 a multiple of 262?
False
Is 45 a factor of 135?
True
Does 49 divide 9527?
False
Is 8 a factor of 321?
False
Is 10 a factor of 240?
True
Is 64781 a multiple of 86?
False
Is 29 a factor of 3045?
True
Is 125 a multiple of 25?
True
Does 7 divide 3810?
False
Is 6 a factor of 1836?
True
Does 47 divide 49632?
True
Is 1116 a multiple of 124?
True
Is 22 a factor of 2478?
False
Is 17 a factor of 551?
False
Does 19 divide 4997?
True
Is 360 even?
True
Does 23 divide 4301?
True
Does 6 divide 1662?
True
Is 480 a multiple of 2?
True
Does 27 divide 3011?
False
Is 14265 a multiple of 15?
True
Is 44668 a multiple of 26?
True
Is 7108 a multiple of 26?
False
Does 9 divide 63?
True
Does 3 divide 216?
True
Is 838 a multiple of 2?
True
Is 19 a factor of 3249?
True
Is 143 a factor of 35300?
False
Is 1867 a multiple of 23?
False
Is 53 a factor of 20764?
False
Is 88 a factor of 16728?
False
Is 5858 a multiple of 58?
True
Does 27 divide 2187?
True
Is 1254 even?
True
Is 13 a factor of 11377?
False
Is 1081 a multiple of 47?
True
Does 63 divide 15777?
False
Is 21 a factor of 833?
False
Is 4911 a multiple of 7?
False
Is 5202 a multiple of 63?
False
Is 115 a factor of 2657?
False
Does 20 divide 520?
True
Is 8579 a multiple of 46?
False
Is 744 a multiple of 31?
True
Is 906 a multiple of 13?
False
Does 82 divide 5033?
False
Does 43 divide 578?
False
Does 49 divide 32144?
True
Is 3 a factor of 15?
True
Is 169 a multiple of 19?
False
Does 11 divide 9240?
True
Does 49 divide 616?
False
Does 64 divide 2816?
True
Does 88 divide 1320?
True
Is 706 a multiple of 13?
False
Does 21 divide 116660?
False
Does 15 divide 315?
True
Is 152 a factor of 20747?
False
Does 40 divide 22280?
True
Is 252 a multiple of 36?
True
Is 135 a factor of 10800?
True
Is 13 a factor of 73?
False
Is 328 a multiple of 22?
False
Is 117 a factor of 2106?
True
Is 128 a factor of 41561?
False
Does 41 divide 3526?
True
Is 840 a multiple of 30?
True
Does 60 divide 1920?
True
Is 16888 a multiple of 15?
False
Does 10 divide 1400?
True
Is 3 a factor of 14956?
False
Is 124 a factor of 6324?
True
Is 13418 a multiple of 92?
False
Is 8844 a multiple of 11?
True
Is 618 a multiple of 46?
False
Does 56 divid